. Let y(z) = z**2 - 2*z + 5. Let v(w) = -2*l(w) - 5*y(w). Give v(-5).
8
Let r(i) = i**2 + 11*i + 19. Let t be r(-8). Let a(w) = -w + 5*w + w - 2 + w**2. What is a(t)?
-2
Let u(s) be the first derivative of -s**2/2 - 2. Let i(b) = b**2 - 5*b - 2. Let v be i(6). Suppose 0*c - 12 = -v*c. Determine u(c).
-3
Let z be (1/(-2))/(1/(-4)). Let o(g) = -z - 5*g**2 - 4*g**2 + 5*g**2 + 5 - g**3 - 2*g. Give o(-3).
0
Let q(r) = 4*r**2 + 3 + r**3 - 4*r**2. Suppose -2*b = -4, -4*y + 8 = -4*b - 0*b. Let u be (-4)/(0 + y) + 1. Calculate q(u).
3
Let u(g) be the second derivative of 6*g - 2*g**2 + 0 - 1/12*g**4 + 4/3*g**3. Calculate u(7).
3
Let j(p) = p**3 + 11*p**2 + 9*p - 12. Let z be j(-10). Let m(w) = -w**3 - w**2 - 3*w - 3. Determine m(z).
7
Let l(z) = z**2 - z. Suppose -2*k = 4*f, -7*f + 3*f + 5*k = 0. Let p be 0/((-6)/(f - -3)). Suppose -a - 2*a + 11 = 4*o, a - o + 1 = p. Determine l(a).
0
Suppose -3*t - 54 = -5*t. Suppose 3*w - 4*l = -t, 2*w - 2*l + 4 = -12. Let p(z) = z**3 + 5*z**2 - 1. Give p(w).
-1
Let n = -10 + 13. Let t(p) = -4*p**2 + 3*p - 2 + 2 - 5*p**n + 6*p**3. Determine t(3).
0
Let f(b) = -4*b**3 - 2*b**2 - 4*b + 5. Let p(r) = 5*r**3 + 2*r**2 + 5*r - 6. Let a(h) = 6*f(h) + 5*p(h). Give a(2).
2
Let l(t) = -5*t**2 + 23*t + 3. Let x(j) = -3*j**2 + 12*j + 1. Let s(r) = 4*l(r) - 7*x(r). Calculate s(-6).
-7
Let j = -16 + 20. Let m(r) = -r**3 + 5*r**2 - 4*r - 1. Determine m(j).
-1
Let c be 3 - 6 - -9 - 3. Let p(r) = -c + 18*r - 3*r**2 + r**2 - 23*r. Give p(-3).
-6
Let g = 6 - 4. Let n(k) = -3*k**2 + 4 + 6*k**2 - g*k**2 + 6*k. Determine n(-4).
-4
Let b(z) = z - 1. Let q(a) = 9*a - 3. Let y(l) = 4*b(l) - q(l). Let x(i) = i. Suppose m = -m - 2*k, 3*m = 3*k + 6. Let d(o) = m*x(o) - y(o). What is d(1)?
7
Let u(c) = c + 1. Let j(x) = x**2 + 8*x + 9. Let s be j(-7). Let h(r) = -3*r + s*r - 3*r - 2. Let k(l) = 2*h(l) + 6*u(l). Give k(-2).
6
Suppose -4*v - 3 = -v. Let l(j) be the first derivative of j**3/3 + 7*j**2/2 + 6*j - 4. Let q(t) = t. Let b(y) = v*q(y) + l(y). Determine b(-5).
1
Let f(p) = p**3 - 4*p**2 - 5*p + 5. Let v(x) = -2*x + 2. Let t be v(0). Suppose 3*b = -g + 16, -5*b - t*g + 27 = -0*g. What is f(b)?
5
Suppose -1 = -3*m + 2. Let i(w) = 6*w**2. What is i(m)?
6
Let h(j) = -3*j - 1 + 2*j + j**2 - 3*j. Let a be h(4). Let p = a - -3. Let d(k) = k**3 - 4*k**2 + 3*k. Calculate d(p).
-2
Let a be ((-6)/(-2))/3*1. Let k(q) = 14*q**3 + 2*q**2 - q - 4. Let s(g) = -13*g**3 - 2*g**2 + g + 3. Let d(w) = 3*k(w) + 4*s(w). Determine d(a).
-11
Let j(c) = -2*c**2 + 1 + 0*c**3 - 2 - c**3. Let y be j(-3). Suppose -y*m = -3*m + 15. Let n(q) = 2*q**2 + 3*q - 1. Give n(m).
8
Let f be 4*1 + (-6 - -5). Let l(d) = 0*d**3 - 1 + 25*d + 5*d**2 - d**f - 20*d. Determine l(6).
-7
Let p(a) be the second derivative of a**6/360 - a**5/120 - a**4/6 - 3*a. Let r(x) be the third derivative of p(x). What is r(2)?
3
Let g(d) = -12*d**2 - 15*d + 13. Let i(x) = 6*x**2 + 7*x - 6. Let n(h) = -6*g(h) - 13*i(h). Give n(-1).
-5
Let v(u) = u**3 - u**3 - 5 - u**3 - u**2 - 3*u**2 - 2*u. Let h = 4 + -8. What is v(h)?
3
Let a(b) be the second derivative of -b**4/12 + 7*b**3/6 - b**2 + 4*b. Calculate a(6).
4
Let l be 0 + ((-4)/(-18) - (-70)/90). Let y(x) be the third derivative of 3*x**6/40 - x**4/24 + x**3/6 + x**2. Give y(l).
9
Let q = -15 + 11. Let d be 4/(-6)*30/q. Suppose 0*p + d*p + 11 = 4*v, 0 = 5*p - 5*v + 10. Let l(a) = -a**3 - 2*a**2 + 2*a - 2. Calculate l(p).
1
Let r(d) = -3*d**2 - d - 5*d**3 - 2*d**2 + 3*d**3 - 2 + 3*d**3. Suppose 2*b - 2 = -3*n - 1, -4*b + 8 = 4*n. Determine r(b).
-7
Let s(k) = 6*k**2 - 2*k - 6. Let m(r) = 5*r**2 - 2*r - 5. Let z(j) = -5*m(j) + 4*s(j). What is z(4)?
-7
Let x(i) = i + 0*i + 0*i - 5. Let y(d) = d + 7. Let m(a) = a + 6. Let z(p) = 3*m(p) - 2*y(p). Let l be z(-4). Give x(l).
-5
Let g(u) be the first derivative of u**3/2 - 2*u + 1. Let p(r) be the first derivative of g(r). What is p(-1)?
-3
Let a(u) = -6*u + 5. Let z(p) = -p + 1. Let h(b) = -2*a(b) + 11*z(b). Give h(-5).
-4
Suppose -2*c = 7 - 1. Let u(t) = -t**3 - 2*t**2 + 4*t - 1. What is u(c)?
-4
Let b(r) = -r - 4. Let y = 8 - 13. Calculate b(y).
1
Let p(b) be the third derivative of -3*b**2 + 0*b - 1/120*b**6 + b**3 + 0*b**4 + 0*b**5 + 0. Determine p(0).
6
Let g(d) be the first derivative of d**2/2 - 4*d - 2. Determine g(6).
2
Let s(u) = u**2 - 8*u + 12. Let q be (-1)/2 + 51/6. Determine s(q).
12
Let j be (-1)/1 - (-6)/1. Suppose -13 + 3 = -j*n. Suppose -n*z - k + 4 = 0, -5*z = -5*k + 24 - 4. Let r(x) = -x**2 - x. What is r(z)?
0
Let r(b) = b**2 - 2*b + 6*b - 2*b - 3. Let f(p) = p + 10. Let d be f(-6). Suppose j + 2*q - 6 = 0, -3*j = q - 4 - d. Determine r(j).
5
Let x be 1/2 - (-3)/6. Let q(p) be the third derivative of p**7/840 + p**5/120 + p**4/8 - 3*p**2. Let d(r) be the second derivative of q(r). Determine d(x).
4
Let k(b) = b**3 + 7*b**2 + 7*b + 2. Suppose 5*y = -5*q - 35, y = -3*q + 5*q + 8. Let s be y/(2 - 4) + -7. Determine k(s).
-4
Let s(m) = -m - 11. Let o(f) be the first derivative of f**4/4 + 2*f**3 + 5*f**2/2 - 6*f + 1. Let a be o(-5). What is s(a)?
-5
Let s(b) = -b**3 - 5*b**2 + 5*b. Suppose -8 = 4*x + 16. Let k be s(x). Suppose -2*d = -k, 3*m + 2*d - 3 = 3. Let n(p) = p**3 - 9. Give n(m).
-9
Let d(s) = s**3 + 2*s**2 + 2*s + 3. Let c be 0/(2 + 0 + -4). Suppose b + 10 = -3*j + 2*b, -2*b = 5*j + 2. Let w = j + c. What is d(w)?
-1
Let s(f) = -3*f**3 + 5*f**3 - 3*f**3 + 3*f**2 + 2*f - 3. Let x = 77 - 74. Calculate s(x).
3
Let u(h) = 11*h**2 - h. Let b be u(-1). Suppose q + 3*q - b = 0. Let l(s) = 3*s + q + 10*s**2 - 2 - s. Give l(-1).
9
Let f(p) = 1 - 28*p**3 + 27*p**3 + 0*p + p. Let i = -6 + 8. Give f(i).
-5
Let c(j) = 2 + 5*j**2 - 1813*j**3 - 3*j**2 + 1814*j**3. Give c(-2).
2
Let h(d) = -d**2 + 6*d + 10. Suppose -i + 2*u + u = -1, -4*i + 34 = 3*u. Let t be h(i). Let y(k) = k**2 - 4*k - 4. Calculate y(t).
-7
Let k(p) = -p + 2. Let d(a) = a**3 + 8*a**2 - a - 1. Let x be d(-8). Let r = -75 - -42. Let w be (-4)/(-14) - r/x. Determine k(w).
-3
Suppose -2*b + 10 = q + 3*q, -q - 5*b = -7. Let v(f) = 8 + 7*f + f**2 - 3 - 2*f**q. Calculate v(8).
-3
Let v(i) = -2*i. Let f be v(-2). Suppose 7 = -f*l - 13. Let k(s) = 3*s + 8. Let c(a) = -7*a - 17. Let z(y) = 2*c(y) + 5*k(y). Determine z(l).
1
Let w be (-20)/6*18/(-12). Let z = w + -8. Let u(d) be the second derivative of -d**4/12 + 3*d**2/2 - d. What is u(z)?
-6
Let v(k) = -9*k + 2. Let b(a) be the second derivative of -2*a**3/3 + a**2/2 + 4*a. Let l(n) = -7*b(n) + 3*v(n). What is l(4)?
3
Let s(r) = r**2 + r. Let w(b) = -7*b**2 + 3*b + 7. Let d(t) = -6*s(t) - w(t). What is d(10)?
3
Let t(y) be the third derivative of -5*y**4/24 + y**3/6 - 17*y**2. Determine t(-1).
6
Let z(m) = -7*m + 3. Let q(r) = -13*r + 5. Let y = -19 + 13. Let g(v) = y*q(v) + 11*z(v). What is g(0)?
3
Suppose -6*a = -a - 15. Let k(j) = -20*j**3 + 29*j**2 + 11*j - 17. Let y(r) = -7*r**3 + 10*r**2 + 4*r - 6. Let q(n) = -6*k(n) + 17*y(n). Give q(a).
-3
Let t = 2 - 1. Suppose -3 = r - 6. Let c(h) = 0 + h - 3 + r. What is c(t)?
1
Let r(i) = 1 + 3 - 5 + 3*i. Suppose 0 = 4*x - 2 - 2. Let p be r(x). Let o(f) = -f**2 + 2*f. What is o(p)?
0
Suppose -3*i + 25 = 2*i. Let y(n) = n**2 + 3*n + 7. Let s(u) = -u**2 - 4*u - 8. Let q(p) = i*s(p) + 6*y(p). What is q(2)?
2
Let a(z) = z**2 - 4*z + 2. Let s be a(4). Let p = s - 5. Let u(x) = -x**3 - 3*x**2 - 2*x. Give u(p).
6
Let h be 0/((-1)/3*3). Suppose h = 3*w + 4*p + 30, 2*p - 3*p = -4*w - 21. Let k(b) = -b**3 - 5*b**2 + 8*b - 2. Determine k(w).
-14
Suppose 5 = a + 2. Suppose a*z + t = 3*t + 7, 5*t - 40 = -4*z. Let f(p) = p**2 - p - 5*p**2 + z*p**2 + 1. Calculate f(3).
7
Let r(w) = -2*w - 7. Let h(l) = -l + 11. Suppose m + 3*t = 1, -t + 75 = 3*m + 2*m. Let f be h(m). What is r(f)?
3
Let j(i) = i + 4. Let m(g) = 2*g + 2. Let s be m(-10). Let x = s - -15. Give j(x).
1
Let z(r) be the third derivative of -r**4/24 + 2*r**3/3 - 2*r**2. Let l be z(0). Suppose 0*u = 2*u - l. Let f(m) = -2*m + 3. Calculate f(u).
-1
Let n(r) be the third derivative of r**4/24 + 5*r**2. Let p = -4 + 3. Give n(p).
-1
Suppose 0 = a - 1 - 1. Let t(q) = -q**2 - 5*q + q**3 + 3*q + a*q. Give t(0).
0
Let d(h) = -h**2 + 2*h. Suppose n = -2*n + 6. Determine d(n).
0
Let a(f) = 2*f**2 + 8*f - 1. Let j(v) = 3*v**2 - v - 3*v - 4*v**2. Let i = 4 + -8. Let t(m) = i*a(m) - 7*j(m). Calculate t